ber?
False
Suppose 1156*b - 77960 = 1136*b. Is b a prime number?
False
Let a(y) = 5*y**2 - 4*y + 22. Suppose 5*p - 4*f + 7*f = 13, 31 = 3*p - 4*f. Suppose -5*o + p*s = 0, 0 = -5*o - s + 4*s + 10. Is a(o) a composite number?
False
Suppose -5*x + 4*k + 4085 = -8202, 0 = x - 3*k - 2453. Is x composite?
False
Suppose -o + 1523 = 2*n - 1406, -o - n + 2927 = 0. Is (-7)/28 + o/4 composite?
True
Is (66781 + 246)*2/2 prime?
False
Suppose 0 = -z + 3*r + 15, -4*z = 5*r + 7 + 1. Suppose -4*v + 10107 = -v + z*j, -2*j = -3*v + 10087. Is v prime?
False
Suppose -41*i = 5966233 - 26249712. Is i prime?
True
Is (-527882788)/(-1712) + (-17)/(-4) a prime number?
False
Let g be (-4)/22 - 24/(-132). Let w(o) = -o**2 - o + 305. Let y be w(g). Let p = 236 + y. Is p a prime number?
True
Let x be 45*686/21 - 2. Let n = 2619 - x. Is n composite?
False
Let g(b) = 8*b - 176. Let o be g(21). Is (-2)/((-52)/599062) + o/(-52) prime?
True
Let n(l) = -2583*l - 53. Let p(w) = -w**2 + 3*w - 14. Let j be p(0). Is n(j) composite?
False
Let t(v) be the second derivative of v**4/12 - 7*v**2 - 25*v. Let c be t(-4). Let o(f) = 14*f**2 + f - 7. Is o(c) a prime number?
False
Suppose -43*v = -20*v - 82961. Is v a prime number?
True
Suppose 0 = -248*w + 196*w + 1400932. Is w a composite number?
True
Let v be (-7 - -2)/(0 + -1). Suppose -v*u = -9922 - 6788. Is u/15 - 1/5*-1 composite?
False
Suppose 0 = 2*z + 16, -4*z - 1353337 - 1287688 = -3*l. Is l a prime number?
True
Let t(u) = 4*u**2 - 4*u - 4. Let n be t(3). Let i be 995/2*n/10. Let h = i - 528. Is h composite?
False
Let n(v) = -6136*v + 475 - 231 - 237. Is n(-1) prime?
True
Suppose 0 = -2*o + o - 506. Let u(s) = -5*s**3 + 63*s**2 + 20*s + 81. Let a be u(13). Is a/(-2)*(4 - o/(-3)) composite?
True
Suppose -28*z + 15*z = -2331797. Is z prime?
True
Let k(o) = 3*o - 32. Let s be k(11). Let f(z) = 755*z + 2. Let h be f(s). Suppose -2*m + 5*w = -h, -383 = -m + 2*w - 4*w. Is m a prime number?
False
Let h(b) = 5*b + 104. Let i be h(-19). Suppose 2*t = -t - i, -4*c - 3*t = -32623. Is c a composite number?
True
Let y = -174559 + 270854. Is y composite?
True
Let c(d) = 3*d + 7. Let t be c(5). Let m = -54 + 61. Suppose -1 + t = m*y. Is y a composite number?
False
Let f be (325 + 1)/((-2)/(-1)). Suppose 157*v - f*v + 14694 = 0. Is v prime?
False
Suppose 14*b + b - 5845657 = 371888. Is b composite?
False
Let z(m) = 125*m + 119. Let c be z(-26). Let k = -952 - c. Is k a composite number?
False
Let v be -3 - 9/(9/(-2)). Let s be (v/2)/((-4)/1608). Let y = s + -67. Is y a composite number?
True
Let x(w) = -w**2 - 12*w - 23. Let r be x(-9). Suppose -2*v - 1862 = -r*y, 7*v + 2326 = 5*y + 4*v. Is y a prime number?
True
Suppose 18*n - 2739117 = 10587255. Suppose 0 = -22*f - 250876 + n. Is f a composite number?
True
Let l(v) = 4*v**2 - v**2 + 0*v**2 - 2*v**2 - 37 + 3*v. Is l(-24) prime?
True
Let r(x) = 4*x**2 - 36*x + 2. Let g be r(9). Let t(z) = -2 + 169*z - 3 + 149*z + 0. Is t(g) a composite number?
False
Let j(t) = -3*t + 3. Let b be j(-1). Let n(u) = 46*u + 11. Is n(b) a composite number?
True
Let c(b) be the first derivative of 11*b**4/4 - 20*b**3/3 + 5*b**2 - 27*b - 222. Is c(12) composite?
True
Is 7*(-138585)/(-21) + 0 a composite number?
True
Suppose 0 = 4*d + b - 1175568, 6*b + 0*b = 5*d - 1469489. Is d composite?
False
Suppose 0 = -3*r + 2*s + 4309, -5*r - 36*s + 7203 = -34*s. Is r composite?
False
Let i be -1 + 0 - (2 + (2 - -4390)). Let o = i - -12388. Is o a composite number?
False
Let b = -337 + 2390. Is b a composite number?
False
Let i = 3 - 3. Let b = 51 - 47. Suppose i = b*r - 3397 - 5239. Is r a prime number?
False
Let l = -13786 - -14321. Is l prime?
False
Let h(q) be the first derivative of -9*q + 14/3*q**3 - 5*q**2 - 2. Is h(-5) a composite number?
True
Suppose 117458 - 505725 = -2*w + 5*m, m + 388263 = 2*w. Is w prime?
False
Suppose 0 = 252*f - 294*f + 3325518. Is f prime?
False
Suppose 29 + 43 = -3*f + 3*u, -4*f - 96 = -u. Is 4/(-6) + (-55384)/f a composite number?
True
Let t(d) = 2*d**3 + 26*d**2 - 13*d - 22. Let s be t(15). Suppose 3*f + 4*z = 37159, -5*f = -6*f + 2*z + s. Is f prime?
False
Suppose 0 = 5*n - m - 118, 2 = 3*m - 4. Let l = n - 0. Suppose -25*b = -l*b - 2863. Is b composite?
True
Is 2/9 - ((-6)/9 + (-1347130)/90) a composite number?
False
Let n(u) = -u**3 + 8*u**2 + 8*u + 14. Let q(f) = 5*f**3 - 31*f**2 - 32*f - 57. Let k(h) = 9*n(h) + 2*q(h). Let l be k(-9). Let s = 1000 - l. Is s composite?
True
Let p = 24 + 279. Let o = 155 - p. Let r = 51 - o. Is r a prime number?
True
Suppose -15*j = 3*j - 643698. Is j a prime number?
False
Let b(y) = -104*y - 41. Let s(t) = -17*t + 5. Let u(r) = 9*r - 2. Let a(n) = -6*s(n) - 11*u(n). Let j be a(0). Is b(j) prime?
False
Let j(q) = 188*q**2 - 34*q - 301. Is j(35) prime?
False
Let r = 69 - 42. Suppose 4*a - 6*l + l + r = 0, -2*l = 5*a + 9. Is a/9 - 6412/(-21) prime?
False
Suppose 4*d + 32 = 0, 8*d + 123125 = 2*w - 62769. Is w a prime number?
False
Let y(t) = t**3 + 6*t**2 - 8*t - 7. Let m be y(-7). Suppose -31*j + 480479 + 39918 = m. Is j a composite number?
False
Let l be -12*((-3)/6)/1. Let b(a) = 3*a**2 - 4*a + 15. Let f be b(l). Suppose f = -5*g + 534. Is g a prime number?
False
Let b(h) be the third derivative of -781*h**4/12 + 5*h**3/6 - 5*h**2. Let a be b(-4). Let i = 10736 - a. Is i a composite number?
False
Let o(k) = -k**3 + 176*k**2 + 38*k + 455. Is o(112) a composite number?
True
Suppose -289*a + 1140840 = -8025662. Is a composite?
True
Let b(p) = 31*p + 39*p - 41 + 45*p. Is b(4) prime?
True
Suppose -3*r + 2*d + 17 = -0*r, 2*d = 5*r - 23. Suppose 2*k = b + 6*k - 399, -r*b + k + 1184 = 0. Is b composite?
True
Let d = 94040 - -364661. Is d composite?
False
Let i(a) = 415*a - 283. Let k = -731 - -739. Is i(k) a prime number?
True
Suppose -2*x = -6*x - 16. Let a(w) = -8*w**3 - 2*w**2 - 2*w - 1. Is a(x) prime?
True
Let l be 98/196 - (71483/(-2))/1. Let s = -19313 + l. Is s a prime number?
False
Let b(x) = -18*x**2 - x + 9. Let d be b(-3). Is 4/(-30) - 129920/d composite?
True
Let t = 7768 - -9181. Is t a prime number?
False
Suppose -36 = -3*v - v. Let k be v - 2 - 3 - 2. Suppose -k*g + 843 = 37. Is g composite?
True
Let k be 0 - -7 - ((-6)/(-3))/(-1). Let x(t) = 838*t + 26. Let f be x(k). Suppose 0 = -3*j + 769 + f. Is j a prime number?
False
Let g(p) = 12*p**2 - 3*p - 2. Suppose -f = 3*f - 3*o - 18, -f = -o - 4. Suppose -8*z + 26 = -f. Is g(z) a composite number?
True
Suppose -4*o + 43 = -13. Let p(l) = 2*l - 15. Let h be p(o). Suppose 38269 = h*t - 5320. Is t a prime number?
False
Let w(s) be the third derivative of 4027*s**4/24 + 11*s**3/3 + 64*s**2. Is w(1) prime?
True
Suppose 0 = 8*o - 4*o + 144. Let f = 32 + o. Is ((-16)/6)/f*393 prime?
False
Suppose -2*n = 2*g + 16, -5*n + g - 1 = -3*n. Is (-1141)/(-1) - (5 + n - 0) a prime number?
False
Suppose -3*w - 2*k = -18, 4*w + k + 7 = 26. Suppose 0 = -3*j + 10*d - 13*d + 35607, -59363 = -5*j + w*d. Is ((-1)/3)/((-3)/j) a prime number?
True
Let q(p) = -36*p**3 - 37*p**2 - 37*p + 43. Is q(-21) composite?
True
Suppose 4*x - 16 = 2*t, 0 = t - 5*x - 0*x + 17. Let w(b) = -b**2 - b + 1. Let c be w(t). Let h(o) = -63*o + 4. Is h(c) a prime number?
True
Let p be (1792/(-10))/((-36)/180). Suppose -2*n - p = -3030. Is n a prime number?
False
Let c = -3652 - -15. Let x = 6730 - c. Is x composite?
True
Suppose -2*u = -10, 3*v = -u + 91339 + 129277. Is v prime?
False
Let q = 99 + -74. Suppose 0 = -q*x - 2867 + 13942. Is x a composite number?
False
Suppose 3*f + 2609117 - 195161 = 7*f - j, 3*j = 0. Is f composite?
True
Suppose -3*s = h - 86805 - 50717, 2*h - 4*s = 275094. Is h a prime number?
True
Is ((224/21)/8)/(48/3759012) prime?
True
Let m(x) = -998*x + 9891. Is m(-55) a prime number?
True
Let p(c) = 46*c**2 + 100*c + 8861. Is p(-91) a prime number?
False
Let k(n) = -2*n**2 + 8*n - 3. Let h be k(3). Suppose -h*z - 140 = z - 5*a, -5*z = -3*a + 162. Is (0 + 409/2)/((-3)/z) a composite number?
True
Let p = -84 + 93. Suppose p*d - 14*d - 1375 = 0. Let y = d + 486. Is y composite?
False
Let a(n) = -110*n**3 - n**2 - 4*n + 42. Is a(-7) composite?
True
Let l = 110151 - 37469. Is l composite?
True
Let u(f) = f + 2 + 30*f**2 + 390*f**2 + 1554*f**2 + 1824*f**2 + 0. Is u(-1) a prime number?
False
Let b = 1 - -1. Let g(y) = -191*y - 15. Let i